ded by 148.
143
Calculate the remainder when 3530 is divided by 37.
15
What is the remainder when 1363 is divided by 76?
71
What is the remainder when 463 is divided by 230?
3
Calculate the remainder when 67 is divided by 7.
4
What is the remainder when 95 is divided by 32?
31
Calculate the remainder when 338 is divided by 41.
10
What is the remainder when 9 is divided by 5?
4
What is the remainder when 146 is divided by 55?
36
Calculate the remainder when 1110 is divided by 188.
170
What is the remainder when 3917 is divided by 10?
7
Calculate the remainder when 8023 is divided by 157.
16
What is the remainder when 93 is divided by 43?
7
What is the remainder when 567 is divided by 140?
7
What is the remainder when 5972 is divided by 6?
2
What is the remainder when 64 is divided by 40?
24
What is the remainder when 954 is divided by 136?
2
Calculate the remainder when 155 is divided by 64.
27
What is the remainder when 290 is divided by 108?
74
What is the remainder when 807 is divided by 93?
63
Calculate the remainder when 269 is divided by 45.
44
Calculate the remainder when 1288 is divided by 34.
30
Calculate the remainder when 236 is divided by 17.
15
Calculate the remainder when 641 is divided by 28.
25
What is the remainder when 33 is divided by 28?
5
Calculate the remainder when 61 is divided by 13.
9
What is the remainder when 304 is divided by 55?
29
Calculate the remainder when 58 is divided by 30.
28
What is the remainder when 234 is divided by 72?
18
Calculate the remainder when 2439 is divided by 20.
19
What is the remainder when 1294 is divided by 21?
13
What is the remainder when 620 is divided by 235?
150
Calculate the remainder when 1284 is divided by 9.
6
Calculate the remainder when 343 is divided by 121.
101
Calculate the remainder when 54 is divided by 12.
6
Calculate the remainder when 180 is divided by 21.
12
Calculate the remainder when 4358 is divided by 2169.
20
Calculate the remainder when 219 is divided by 110.
109
Calculate the remainder when 16127 is divided by 12.
11
Calculate the remainder when 58 is divided by 9.
4
What is the remainder when 618 is divided by 21?
9
What is the remainder when 705 is divided by 120?
105
What is the remainder when 291 is divided by 104?
83
Calculate the remainder when 482 is divided by 69.
68
Calculate the remainder when 409 is divided by 187.
35
What is the remainder when 282 is divided by 67?
14
Calculate the remainder when 439 is divided by 95.
59
What is the remainder when 22 is divided by 5?
2
Calculate the remainder when 1392 is divided by 414.
150
Calculate the remainder when 98 is divided by 11.
10
What is the remainder when 7413 is divided by 224?
21
Calculate the remainder when 663 is divided by 38.
17
What is the remainder when 557 is divided by 37?
2
What is the remainder when 4224 is divided by 303?
285
What is the remainder when 458 is divided by 46?
44
What is the remainder when 7382 is divided by 104?
102
What is the remainder when 64 is divided by 13?
12
What is the remainder when 144 is divided by 7?
4
Calculate the remainder when 710 is divided by 164.
54
What is the remainder when 598 is divided by 20?
18
Calculate the remainder when 829 is divided by 16.
13
What is the remainder when 156 is divided by 19?
4
Calculate the remainder when 36 is divided by 12.
0
Calculate the remainder when 31 is divided by 16.
15
Calculate the remainder when 123 is divided by 33.
24
Calculate the remainder when 10659 is divided by 79.
73
Calculate the remainder when 87 is divided by 45.
42
Calculate the remainder when 915 is divided by 23.
18
What is the remainder when 149 is divided by 50?
49
What is the remainder when 1141 is divided by 103?
8
What is the remainder when 243 is divided by 172?
71
What is the remainder when 2535 is divided by 6?
3
What is the remainder when 4095 is divided by 17?
15
What is the remainder when 2612 is divided by 325?
12
What is the remainder when 947 is divided by 19?
16
Calculate the remainder when 290 is divided by 95.
5
What is the remainder when 62 is divided by 8?
6
What is the remainder when 530 is divided by 59?
58
Calculate the remainder when 5920 is divided by 94.
92
Calculate the remainder when 96 is divided by 35.
26
What is the remainder when 388 is divided by 201?
187
Calculate the remainder when 157 is divided by 34.
21
What is the remainder when 201 is divided by 42?
33
Calculate the remainder when 1815 is divided by 355.
40
What is the remainder when 589 is divided by 17?
11
What is the remainder when 526 is divided by 310?
216
What is the remainder when 1067 is divided by 66?
11
Calculate the remainder when 2941 is divided by 46.
43
Calculate the remainder when 580 is divided by 145.
0
What is the remainder when 5 is divided by 4?
1
What is the remainder when 1750 is divided by 17?
16
Calculate the remainder when 858 is divided by 18.
12
Calculate the remainder when 4643 is divided by 54.
53
Calculate the remainder when 74 is divided by 62.
12
What is the remainder when 305 is divided by 254?
51
Calculate the remainder when 78 is divided by 16.
14
What is the remainder when 2119 is divided by 142?
131
What is the remainder when 3239 is divided by 3227?
12
Calculate the remainder when 74 is divided by 19.
17
What is the remainder when 285 is divided by 1?
0
What is the remainder when 630 is divided by 8?
6
Calculate the remainder when 595 is divided by 13.
10
What is the remainder when 614 is divided by 22?
20
What is the remainder when 2026 is divided by 101?
6
What is the remainder when 287 is divided by 167?
120
Calculate the remainder when 555 is divided by 80.
75
What is the remainder when 5 is divided by 5?
0
What is the remainder when 221 is divided by 53?
9
What is the remainder when 147 is divided by 25?
22
What is the remainder when 324 is divided by 41?
37
What is the remainder when 11871 is divided by 32?
31
What is the remainder when 1220 is divided by 33?
32
Calculate the remainder when 330 is divided by 85.
75
What is the remainder when 559 is divided by 182?
13
What is the remainder when 152 is divided by 5?
2
Calculate the remainder when 382 is divided by 84.
46
Calculate the remainder when 14703 is divided by 17.
15
What is the remainder when 12770 is divided by 297?
296
What is the remainder when 40 is divided by 15?
10
What is the remainder when 122 is divided by 45?
32
Calculate the remainder when 729 is divided by 35.
29
Calculate the remainder when 483 is divided by 192.
99
Calculate the remainder when 74 is divided by 16.
10
What is the remainder when 149 is divided by 27?
14
What is the remainder when 606 is divided by 58?
26
Calculate the remainder when 8349 is divided by 48.
45
Calculate the remainder when 1111 is divided by 158.
5
What is the remainder when 46149 is divided by 10?
9
What is the remainder when 827 is divided by 9?
8
Calculate the remainder when 542 is divided by 109.
106
Calculate the remainder when 250 is divided by 87.
76
What is the remainder when 38521 is divided by 115?
111
What is the remainder when 200 is divided by 103?
97
Calculate the remainder when 293 is divided by 289.
4
Calculate the remainder when 168 is divided by 52.
12
What is the remainder when 353 is divided by 21?
17
What is the remainder when 278 is divided by 28?
26
What is the remainder when 580 is divided by 53?
50
Calculate the remainder when 602 is divided by 115.
27
What is the remainder when 2652 is divided by 3?
0
Calculate the remainder when 3642 is divided by 53.
38
Calculate the remainder when 29 is divided by 6.
5
What is the remainder when 184 is divided by 95?
89
What is the remainder when 534 is divided by 108?
102
What is the remainder when 8136 is divided by 4065?
6
What is the remainder when 154 is divided by 21?
7
Calculate the remainder when 10846 is divided by 19.
16
Calculate the remainder when 516 is divided by 81.
30
What is the remainder when 2415 is divided by 9?
3
Calculate the remainder when 24 is divided by 15.
9
Calculate the remainder when 149 is divided by 53.
43
What is the remainder when 134 is divided by 69?
65
What is the remainder when 2735 is divided by 144?
143
What is the remainder when 1130 is divided by 39?
38
Calculate the remainder when 4993 is divided by 111.
109
Cal